 + 3*i + 6. Let y be r(4). Suppose y*c - 3 = 49. Is c prime?
False
Suppose 8*f - 11*f - 1275 = 0. Let z = f + 904. Is z a composite number?
False
Let u(x) = 122*x + 955. Is u(47) a composite number?
False
Suppose 4*q - 2*j - 2 = 0, -3*q + 8*q = 3*j + 1. Suppose q*p - p = -5, l - 1406 = -p. Is l a prime number?
False
Let v = 848 - 459. Suppose 73 = -4*n + v. Is n prime?
True
Suppose 35426 = -9*q + 191585. Is q a composite number?
False
Let x = -1107 - -3356. Is x prime?
False
Let b be 11/33 + (-1445)/(-3). Let w = -279 + b. Is w a prime number?
False
Suppose -5*k + 2*m - 43 = -0*m, 3*m = -k - 12. Let v(u) = u**3 - 4*u**2 + 8*u - 12. Let s be v(k). Is s/(-9) - (-4)/6 prime?
True
Let s(b) = b**3 + 11*b**2 - 11*b + 26. Let m be s(-12). Let c(d) be the second derivative of 5*d**3/6 + 7*d**2/2 + d. Is c(m) a prime number?
False
Let v(n) = 534*n**2 - n - 2. Suppose 27 = -3*l + 2*l. Let o = l - -26. Is v(o) prime?
False
Let n = 292 + -70. Let m be (-59)/(-1 + 1 - 1). Let w = n - m. Is w prime?
True
Let t be 9/(-12)*-4 - -53. Let z = t - -441. Suppose -5*q + z = -288. Is q a composite number?
False
Suppose 3 = 4*j - 17. Suppose -j*x - 4*s + s + 584 = 0, 0 = 3*x - 2*s - 339. Is x prime?
False
Let q be (2/6)/((-6)/(-72)). Suppose 2*i - 23 = -5*g, 4*g - 29 = -g + q*i. Suppose 14 + g = x. Is x prime?
True
Let k(c) = 6*c**2 - 4*c - 3. Let s be (-504)/45 - 8/10. Let i be 4/s - 26/(-6). Is k(i) composite?
True
Let i = -68 - -71. Suppose 3*p = -i*p + 1734. Is p a composite number?
True
Let b(x) = 8*x + 2. Let d be b(4). Suppose -2*m + 2*c = 10, -2*m - 2*c - d = 2*c. Let v = m - -596. Is v composite?
False
Suppose -3*y - 7922 = -5*s + 5132, 0 = 2*s - 2*y - 5224. Is s prime?
True
Suppose 7*o = 5*o + 1214. Let p = o + -353. Is p prime?
False
Is 446/5*(-105)/(-6) composite?
True
Let w = -3223 - -7332. Is w prime?
False
Let q = 2 - -2. Let g(j) = -4*j + 0 + 9*j + 5 + 3*j. Is g(q) prime?
True
Let a(y) = -23*y**2 - 7*y - 5. Let s(t) = -t**2 - 1. Let c(d) = -a(d) - 6*s(d). Is c(-5) composite?
False
Let h(c) = 5*c**2 - c. Let m be h(1). Suppose 14 = 2*g - 4*t - 26, m*g + 3*t - 102 = 0. Is (10/4)/(g/1776) a composite number?
True
Let c(o) = 3*o - 6. Let x be c(10). Let b be (x/(-9))/(2/96). Let p = b + 261. Is p a composite number?
True
Let j = -3 - -6. Suppose -j*a = 2*a + 3*q + 23, 17 = -3*a - 5*q. Let b(x) = 9*x**2 - 5*x - 3. Is b(a) a composite number?
True
Let r(y) = -47*y**3 + 5. Let t be (-6 - -1) + (-4)/(-12)*9. Is r(t) prime?
False
Is 8 + -4 - (-13 + -36356) a prime number?
True
Suppose 0 = -5*h + v + 3370, 0 = 4*v + 17 + 3. Is h prime?
True
Suppose -4*t + 114412 = 4*n - 0*t, 5*n + 3*t - 143007 = 0. Is n a composite number?
True
Let y(j) be the second derivative of 37*j**3/2 + 5*j**2 + 33*j. Is y(7) a prime number?
True
Suppose -6*w = -0*w - 18. Suppose 3*k = w*n + 1659, 5*k - 2793 = -2*n - 0*n. Is k a prime number?
True
Let i be (((-24)/7)/1)/((-3)/(-252)). Let q = 201 - i. Is q a prime number?
False
Suppose n - 352 = 17*n. Let p be (-6)/(-2 - (-3)/2). Is p/66 - 3274/n a composite number?
False
Let a(b) = -2*b**2 - 2*b + 2. Let h be a(-2). Let q(r) = -58*r + 2. Is q(h) a prime number?
False
Let v = 7 + -5. Let n be 446/v - (7 + -6). Suppose -y + n = y. Is y a composite number?
True
Let o be 4 + 119 + -4 + -4. Suppose -3*d = -d - 6. Suppose -3*p - 137 = -d*k + o, 5*p - 161 = -2*k. Is k composite?
False
Suppose -5*h + 6*h = -5*n + 7, 4*n - 4*h = 20. Suppose 1625 = 3*z - 5*y - 417, 0 = 2*z + n*y - 1356. Is z composite?
True
Suppose -s + 4*k + 12 = 3*s, 0 = -5*s - 4*k + 15. Suppose -3*i + 2373 = 4*l + 606, 0 = -s*l. Is i prime?
False
Let c(f) = f**3 + 2*f - 634. Let h be c(0). Is h/(-5) - (-5)/25 a prime number?
True
Let h(q) be the first derivative of q**4 - 2*q**3 + 17*q**2/2 - 6*q + 6. Is h(7) a composite number?
True
Let g be (-50)/(-75) + (-562)/(-3). Is (-33)/2*g/(-6) a composite number?
True
Suppose -6*z - 22 = -8*z. Suppose j = 4*n + z, -4*n + 26 = 4*j - 2*n. Is j a prime number?
True
Suppose -2*f + 4*a = 7*a - 19, -3*f = -a - 1. Suppose f*z - 5*z = 30. Is (4/z)/((-2)/185) a composite number?
False
Let c(x) = x**3 + x**2 + 2. Let y be c(0). Suppose 2*w = y*h + 218, -h - 33 - 46 = 5*w. Let m = -57 - h. Is m composite?
False
Suppose 4*v - 4 = -12. Let b(u) = 4*u**3 - 5*u**2 + 4*u + 9. Let z(s) = 13*s**3 - 14*s**2 + 12*s + 28. Let p(h) = v*z(h) + 7*b(h). Is p(6) a composite number?
False
Let c = 16 + -16. Suppose c = -3*b + 7*r - 3*r + 9, -5*b + r = 2. Is (-133)/(-4)*(b - -5) a composite number?
True
Suppose 2 - 11 = -3*g. Suppose 2*m = -2*s - g*s + 22, -2*m = 2*s - 4. Is -1041*(3 - 20/s) prime?
True
Let s = 339 - 175. Suppose 2*k - s = 132. Let x = k - 90. Is x a prime number?
False
Let h = -8279 + 11638. Is h a composite number?
False
Let f(o) = 577*o - 52. Is f(9) composite?
True
Suppose 0 = 3*c - c + 826. Let b = 840 + c. Is b prime?
False
Let k be 70/(-1) - (4 - 5). Let o = 49 - k. Let d = -72 + o. Is d prime?
False
Suppose 1093*r = 1088*r + 48595. Is r composite?
False
Let v(z) = z**2 - 9*z + 11. Let c be v(7). Let r be c - (4 + -7) - -7. Let q(k) = k**2 + 3*k + 1. Is q(r) a composite number?
False
Let t(h) = 13*h - 15. Let c be 3/12*4*10. Is t(c) prime?
False
Suppose 6*b - 12*b - 18 = 0. Is 2 - 4 - (727 + b)/(-4) a composite number?
False
Let o(m) = 49*m**2 - 2*m + 2. Suppose -55 = 4*q + q. Let w be (3/(-4))/(q/(-44)). Is o(w) composite?
False
Let d = 1757 - 1350. Is d prime?
False
Let o(w) = -7*w + 144. Is o(-29) a composite number?
False
Suppose -10*m + 252677 = 19*m. Is m prime?
True
Let p = 2951 + 9098. Is p a composite number?
False
Let b(g) = -1375*g - 69. Is b(-4) a composite number?
False
Suppose 6*n - n + 4 = -2*j, 5*j = n - 10. Is (1111 - (0 - 4)) + n/(-1) a composite number?
True
Let l(w) = w**2 - 2*w + 3. Let h(o) be the third derivative of o**5/30 - o**4/12 + o**3/3 - 4*o**2. Let g(q) = 2*h(q) - 3*l(q). Is g(-8) composite?
False
Let j(z) = 20652*z + 5. Is j(3) a composite number?
False
Let u(x) = 630*x + 1. Let t(y) = -y**3 - 19*y**2 + 2. Let k be t(-19). Is u(k) a prime number?
False
Let o = -159 - -85. Let a = o + 793. Suppose -2*j - a = -n + j, 2876 = 4*n + j. Is n a composite number?
False
Let a(p) be the second derivative of -1/2*p**3 + 0 + 3*p + 5*p**2. Is a(-7) a composite number?
False
Suppose -24*g + 207319 = 16255. Is g prime?
False
Let o = 3329 - 2023. Is o composite?
True
Let g = -1786 + 3147. Is g prime?
True
Suppose 42*a = 46*a - 6204. Let n = -478 + a. Is n a prime number?
False
Suppose -6*t + 2*p = -t - 8883, -3*p + 3 = 0. Is t a composite number?
False
Let g(j) be the second derivative of j**5/20 + j**4/6 - j**3/2 - 3*j**2/2 - 18*j. Is g(5) prime?
True
Let d be -1 + 3/12*0. Let r be (13/39)/(d/(-48)). Suppose r - 47 = -o. Is o a composite number?
False
Let t(h) = -3*h**2 + h. Let k be (-1 - 0)/(2/(-4)). Let v be t(k). Let n = v + 41. Is n prime?
True
Suppose 18*c - 12088 - 9098 = 0. Is c prime?
False
Let q be (-4 - (-20)/2)/(-1). Is 3 + q/1 + 373 + 1 a composite number?
True
Let l(s) be the first derivative of 33*s**2/2 + 43*s + 7. Is l(8) a composite number?
False
Suppose -2*r = -4*p + 5388 - 920, -3*r = 5*p - 5585. Is p a prime number?
True
Let d(r) = 8*r + 39*r + 14 - 27*r + 31*r. Suppose -4*m = -h + 3*h - 14, h + 4*m - 7 = 0. Is d(h) composite?
True
Is 2272 - 7/28*12 composite?
False
Let h be (-7)/1*((-10)/5 + 1401). Is (1 + 0)/((-7)/h) a composite number?
False
Let m(f) = -f**3 - 11*f**2 + 6. Let d be m(-11). Let y(t) = t**2 - 7*t + 8. Let n be y(d). Suppose 5*c = 3*p - 503, n*p + 0*p - 330 = 2*c. Is p composite?
True
Suppose 2 = -v, d = -0*d - v + 7079. Is d a composite number?
True
Let d = 9261 + -5200. Is d prime?
False
Let d = -37 + 39. Let k = -108 - -189. Suppose -174 = -d*t - 2*c + 3*c, 0 = -t + 2*c + k. Is t a prime number?
True
Suppose -5*h = -0*o - 4*o + 33, 0 = -3*o - 5*h - 19. Let g(r) = 477*r**2 - 3*r + 1. Is g(o) a composite number?
True
Suppose 2 + 0 = z, 5*m = -2*z - 121. Let s = -21 - m. Suppose 3*h - s = 89. Is h composite?
False
Is (-1)/(-3) + -10 + 54940/6 prime?
False
Suppose 44*b - 39*b = -75. Let h = 100 + b. Is h prime?
False
Let x(m) be the third derivative of m**6/120 + m**5/12 + m**4/6 + m**3/6 + 9*m**2. Is x(5) a prime number?
True
Suppose 2 = -s, -3*o + 3556 = -o + 3*s. Suppose -4*g -